{"id":23,"date":"2019-03-30T20:51:15","date_gmt":"2019-03-30T19:51:15","guid":{"rendered":"https:\/\/dev.hoppe-biermeyer.de\/sc-ostenland\/?page_id=23"},"modified":"2020-06-22T07:28:18","modified_gmt":"2020-06-22T05:28:18","slug":"wandern","status":"publish","type":"page","link":"https:\/\/sc-ostenland.de\/index.php\/wandern","title":{"rendered":"Wandern"},"content":{"rendered":"<p>In regelm\u00e4\u00dfigen Abst\u00e4nden (ca. 4-6 Wochen) bieten wir Wanderungen in der n\u00e4heren Umgebung an.\u2028 Es werden Fahrgemeinschaften gebildet. Die Termine und weitere Informationen zur Wanderung werden immer unter \u201eAktuelles vom Wandern\u201c eingetragen. Jeder, der gut zu Fu\u00df ist, ist herzlich zum Mitwandern eingeladen. Auch die, die nicht im Sportverein Mitglied sind. Bei Interesse bitte bei Monika unter 0176 41561616 anrufen. Zu jeder Wanderung ist zur besseren Planung eine Anmeldung erforderlich.<br \/>\nEure Wanderf\u00fchrerinnen Bernadette und Monika.<\/p>\n","protected":false},"excerpt":{"rendered":"In regelm\u00e4\u00dfigen Abst\u00e4nden (ca. 4-6 Wochen) bieten wir Wanderungen in der n\u00e4heren Umgebung an.\u2028 Es werden Fahrgemeinschaften gebildet. Die Termine und weitere Informationen zur Wanderung werden immer unter \u201eAktuelles vom Wandern\u201c eingetragen. Jeder, der gut zu Fu\u00df ist, ist herzlich zum Mitwandern eingeladen. Auch die, die nicht im Sportverein Mitglied sind. Bei Interesse bitte bei...<\/br><\/br><a class=\"view-article\" href=\"https:\/\/sc-ostenland.de\/index.php\/wandern\">Artikel ansehen<\/a>","protected":false},"author":1,"featured_media":1009,"parent":0,"menu_order":9,"comment_status":"closed","ping_status":"closed","template":"","meta":{"_acf_changed":false,"footnotes":""},"acf":[],"_links":{"self":[{"href":"https:\/\/sc-ostenland.de\/index.php\/wp-json\/wp\/v2\/pages\/23"}],"collection":[{"href":"https:\/\/sc-ostenland.de\/index.php\/wp-json\/wp\/v2\/pages"}],"about":[{"href":"https:\/\/sc-ostenland.de\/index.php\/wp-json\/wp\/v2\/types\/page"}],"author":[{"embeddable":true,"href":"https:\/\/sc-ostenland.de\/index.php\/wp-json\/wp\/v2\/users\/1"}],"replies":[{"embeddable":true,"href":"https:\/\/sc-ostenland.de\/index.php\/wp-json\/wp\/v2\/comments?post=23"}],"version-history":[{"count":4,"href":"https:\/\/sc-ostenland.de\/index.php\/wp-json\/wp\/v2\/pages\/23\/revisions"}],"predecessor-version":[{"id":2038,"href":"https:\/\/sc-ostenland.de\/index.php\/wp-json\/wp\/v2\/pages\/23\/revisions\/2038"}],"wp:featuredmedia":[{"embeddable":true,"href":"https:\/\/sc-ostenland.de\/index.php\/wp-json\/wp\/v2\/media\/1009"}],"wp:attachment":[{"href":"https:\/\/sc-ostenland.de\/index.php\/wp-json\/wp\/v2\/media?parent=23"}],"curies":[{"name":"wp","href":"https:\/\/api.w.org\/{rel}","templated":true}]}}